 is the remainder when 7501759 is divided by 1444?
179
Calculate the remainder when 396110 is divided by 6488.
342
What is the remainder when 700202 is divided by 10608?
74
What is the remainder when 58651 is divided by 444?
43
What is the remainder when 13503713 is divided by 168?
41
What is the remainder when 340989 is divided by 442?
207
What is the remainder when 129926997 is divided by 8?
5
Calculate the remainder when 21149 is divided by 21138.
11
Calculate the remainder when 17255 is divided by 1968.
1511
Calculate the remainder when 316540138 is divided by 227.
215
What is the remainder when 46185591 is divided by 38?
11
What is the remainder when 30147 is divided by 18442?
11705
Calculate the remainder when 62575837 is divided by 410.
407
What is the remainder when 8912373 is divided by 73?
22
Calculate the remainder when 282560 is divided by 334.
330
Calculate the remainder when 19218 is divided by 4575.
918
What is the remainder when 195930 is divided by 301?
280
Calculate the remainder when 136637 is divided by 68309.
19
What is the remainder when 236869 is divided by 4229?
45
Calculate the remainder when 72611 is divided by 4837.
56
What is the remainder when 133453 is divided by 431?
274
Calculate the remainder when 1322621 is divided by 7.
6
Calculate the remainder when 1804229 is divided by 1424.
21
Calculate the remainder when 3778296 is divided by 24.
0
Calculate the remainder when 96199 is divided by 1664.
1351
Calculate the remainder when 173037312 is divided by 2585.
2582
What is the remainder when 246933 is divided by 11?
5
Calculate the remainder when 332026 is divided by 2276.
2006
What is the remainder when 149367729 is divided by 556?
553
Calculate the remainder when 3594414 is divided by 1525.
1514
Calculate the remainder when 185461 is divided by 1815.
331
What is the remainder when 17641 is divided by 17608?
33
What is the remainder when 5855341 is divided by 2992?
2989
What is the remainder when 32561019 is divided by 39?
36
What is the remainder when 1852713 is divided by 71?
39
Calculate the remainder when 29401 is divided by 14559.
283
Calculate the remainder when 261205 is divided by 581.
336
Calculate the remainder when 2307390 is divided by 2307389.
1
What is the remainder when 6155072 is divided by 1385?
132
What is the remainder when 85833 is divided by 3048?
489
What is the remainder when 23683250 is divided by 391?
380
Calculate the remainder when 219241 is divided by 109597.
47
What is the remainder when 14705619 is divided by 334218?
27
What is the remainder when 62972 is divided by 172?
20
What is the remainder when 645390 is divided by 18?
0
What is the remainder when 3279534 is divided by 55?
49
Calculate the remainder when 2064122 is divided by 190.
152
What is the remainder when 12746 is divided by 677?
560
Calculate the remainder when 2152119 is divided by 1244.
1243
What is the remainder when 211730 is divided by 3580?
510
Calculate the remainder when 129350 is divided by 8079.
86
What is the remainder when 886329 is divided by 4241?
4201
What is the remainder when 130035192 is divided by 127236?
0
Calculate the remainder when 5741649 is divided by 15.
9
What is the remainder when 1387144 is divided by 1526?
10
Calculate the remainder when 24397388 is divided by 334210.
58
Calculate the remainder when 8672 is divided by 4130.
412
Calculate the remainder when 22611762 is divided by 19.
14
What is the remainder when 82077 is divided by 5748?
1605
Calculate the remainder when 177168 is divided by 342.
12
Calculate the remainder when 85411102 is divided by 21352772.
14
What is the remainder when 47548 is divided by 47498?
50
What is the remainder when 111378 is divided by 297?
3
What is the remainder when 4791 is divided by 2811?
1980
Calculate the remainder when 812941 is divided by 311.
298
What is the remainder when 8260801 is divided by 1323?
1312
Calculate the remainder when 11503179 is divided by 155.
9
Calculate the remainder when 32959329 is divided by 1177118.
25
Calculate the remainder when 15502510 is divided by 573.
568
Calculate the remainder when 51478 is divided by 140.
98
What is the remainder when 5686811 is divided by 12954?
5
Calculate the remainder when 25969171 is divided by 355742.
5
Calculate the remainder when 20461039 is divided by 191.
164
What is the remainder when 2046507 is divided by 227388?
15
What is the remainder when 10495123 is divided by 17?
3
Calculate the remainder when 4194 is divided by 582.
120
What is the remainder when 892568 is divided by 1778?
12
Calculate the remainder when 258193777 is divided by 130.
127
What is the remainder when 140142 is divided by 46305?
1227
Calculate the remainder when 176166653 is divided by 139.
138
Calculate the remainder when 87859746 is divided by 3099.
3096
Calculate the remainder when 1403212 is divided by 5.
2
Calculate the remainder when 46665719 is divided by 1215.
1214
Calculate the remainder when 758699458 is divided by 1530.
1528
Calculate the remainder when 2573692 is divided by 857892.
16
Calculate the remainder when 630966 is divided by 12.
6
What is the remainder when 1952751 is divided by 440?
31
Calculate the remainder when 1264 is divided by 162.
130
What is the remainder when 5573898 is divided by 3573?
18
Calculate the remainder when 5552 is divided by 1105.
27
Calculate the remainder when 25507 is divided by 8252.
751
What is the remainder when 8465730 is divided by 1911?
0
What is the remainder when 162700 is divided by 27110?
40
What is the remainder when 5268647 is divided by 368?
359
Calculate the remainder when 293031 is divided by 57.
51
What is the remainder when 6506889 is divided by 54224?
9
What is the remainder when 5342161 is divided by 2671021?
119
Calculate the remainder when 214261734 is divided by 449186.
12
What is the remainder when 75670866 is divided by 898?
896
What is the remainder when 114218 is divided by 28396?
634
What is the remainder when 17319729 is divided by 2803?
2795
Calculate the remainder when 7431397 is divided by 464461.
21
Calculate the remainder when 2274921 is divided by 38.
13
What is the remainder when 2310 is divided by 1114?
82
What is the remainder when 7246289 is divided by 2330?
2319
What is the remainder when 579630 is divided by 5219?
321
Calculate the remainder when 59262 is divided by 19409.
1035
Calculate the remainder when 34589 is divided by 3600.
2189
Calculate the remainder when 683585 is divided by 136699.
90
What is the remainder when 33134 is divided by 10893?
455
Calculate the remainder when 156323457 is divided by 529910.
7
What is the remainder when 34107 is divided by 563?
327
What is the remainder when 32435 is divided by 928?
883
What is the remainder when 1120165 is divided by 80007?
67
What is the remainder when 347071 is divided by 3304?
151
What is the remainder when 13085 is divided by 732?
641
What is the remainder when 1394134 is divided by 48073?
17
What is the remainder when 336321 is divided by 111700?
1221
Calculate the remainder when 292651 is divided by 8341.
716
What is the remainder when 20245125 is divided by 19?
17
What is the remainder when 1349875 is divided by 79?
2
What is the remainder when 21703077 is divided by 68?
61
Calculate the remainder when 15789 is divided by 15052.
737
What is the remainder when 934695 is divided by 934676?
19
Calculate the remainder when 36135820 is divided by 4104.
100
What is the remainder when 5015521 is divided by 1671311?
1588
Calculate the remainder when 171978 is divided by 57041.
855
Calculate the remainder when 63194797 is divided by 548.
533
What is the remainder when 4666 is divided by 849?
421
Calculate the remainder when 2021945 is divided by 1019.
249
Calculate the remainder when 8044788 is divided by 76617.
3
Calculate the remainder when 29608821 is divided by 29.
24
Calculate the remainder when 83084610 is divided by 94.
78
What is the remainder when 3468 is divided by 2749?
719
Calculate the remainder when 782825 is divided by 352.
329
What is the remainder when 1626235891 is divided by 103?
100
What is the remainder when 15569841 is divided by 420?
21
What is the remainder when 123761 is divided by 1691?
318
Calculate the remainder when 3396316 is divided by 22.
0
What is